CRAN Package Check Results for Package party

Last updated on 2014-08-20 09:48:12.

Flavor Version Tinstall Tcheck Ttotal Status Flags
r-devel-linux-x86_64-debian-clang 1.0-15 4.84 92.84 97.68 NOTE
r-devel-linux-x86_64-debian-gcc 1.0-15 5.63 87.68 93.31 NOTE
r-devel-linux-x86_64-fedora-clang 1.0-16 208.11 OK
r-devel-linux-x86_64-fedora-gcc 1.0-16 160.25 OK
r-devel-osx-x86_64-clang 1.0-16 111.41 OK
r-devel-windows-ix86+x86_64 1.0-15 25.00 195.00 220.00 NOTE
r-patched-linux-x86_64 1.0-15 5.64 91.91 97.55 NOTE
r-patched-solaris-sparc 1.0-16 1103.70 OK
r-patched-solaris-x86 1.0-16 225.10 OK
r-release-linux-ix86 1.0-15 7.31 116.50 123.80 OK
r-release-linux-x86_64 1.0-15 5.72 96.24 101.96 OK
r-release-osx-x86_64-mavericks 1.0-16 OK
r-release-osx-x86_64-snowleopard 1.0-15 OK
r-release-windows-ix86+x86_64 1.0-16 24.00 188.00 212.00 OK
r-oldrel-windows-ix86+x86_64 1.0-16 26.00 210.00 236.00 OK

Check Details

Version: 1.0-15
Check: dependencies in R code
Result: NOTE
    Package in Depends field not imported from: ‘grid’
     These packages need to be imported from (in the NAMESPACE file)
     for when this namespace is loaded but not attached.
    See the information on DESCRIPTION files in the chapter ‘Creating R
    packages’ of the ‘Writing R Extensions’ manual.
Flavors: r-devel-linux-x86_64-debian-clang, r-devel-linux-x86_64-debian-gcc, r-devel-windows-ix86+x86_64, r-patched-linux-x86_64