CRAN Package Check Results for Package party

Last updated on 2014-09-20 08:51:49.

Flavor Version Tinstall Tcheck Ttotal Status Flags
r-devel-linux-x86_64-debian-clang 1.0-17 4.91 92.56 97.47 OK
r-devel-linux-x86_64-debian-gcc 1.0-17 5.55 88.33 93.88 OK
r-devel-linux-x86_64-fedora-clang 1.0-17 201.38 OK
r-devel-linux-x86_64-fedora-gcc 1.0-17 192.28 OK
r-devel-osx-x86_64-clang 1.0-17 169.43 OK
r-devel-windows-ix86+x86_64 1.0-17 24.00 192.00 216.00 OK
r-patched-linux-x86_64 1.0-17 5.74 94.17 99.91 OK
r-patched-solaris-sparc 1.0-17 1066.50 OK
r-patched-solaris-x86 1.0-17 215.30 OK
r-release-linux-ix86 1.0-17 7.28 118.88 126.16 OK
r-release-linux-x86_64 1.0-17 5.74 99.49 105.24 OK
r-release-osx-x86_64-mavericks 1.0-17 ERROR
r-release-osx-x86_64-snowleopard 1.0-16 OK
r-release-windows-ix86+x86_64 1.0-17 26.00 212.00 238.00 OK
r-oldrel-windows-ix86+x86_64 1.0-17 26.00 225.00 251.00 OK

Check Details

Version: 1.0-17
Check: package dependencies
Result: ERROR
    Package required and available but unsuitable version: ‘coin’
    
    See the information on DESCRIPTION files in the chapter ‘Creating R
    packages’ of the ‘Writing R Extensions’ manual.
Flavor: r-release-osx-x86_64-mavericks