CRAN Package Check Results for Package party

Last updated on 2017-03-09 06:53:18.

Flavor Version Tinstall Tcheck Ttotal Status Flags
r-devel-linux-x86_64-debian-clang 1.2-2 7.61 113.06 120.67 OK
r-devel-linux-x86_64-debian-gcc 1.2-2 7.51 109.50 117.01 OK
r-devel-linux-x86_64-fedora-clang 1.2-2 256.04 OK --no-stop-on-test-error
r-devel-linux-x86_64-fedora-gcc 1.2-2 246.01 OK --no-stop-on-test-error
r-devel-macos-x86_64-clang 1.2-2 184.45 OK --no-stop-on-test-error
r-devel-windows-ix86+x86_64 1.2-2 43.00 364.00 407.00 OK
r-patched-linux-x86_64 1.2-2 6.88 99.29 106.17 OK
r-patched-solaris-sparc 1.2-2 1221.40 OK
r-patched-solaris-x86 1.2-2 255.00 OK
r-release-linux-x86_64 1.2-2 6.26 98.49 104.74 OK
r-release-osx-x86_64-mavericks 1.2-2 NOTE
r-release-windows-ix86+x86_64 1.2-2 30.00 223.00 253.00 OK
r-oldrel-windows-ix86+x86_64 1.2-2 44.00 343.00 387.00 OK

Check Details

Version: 1.2-2
Check: re-building of vignette outputs
Result: NOTE
    Error in re-building vignettes:
     ...
    Warning in grepl("(Rerun to get|biblatex.*\\(re\\)run)", readLines(log, :
     input string 419 is invalid in this locale
    Error in texi2dvi(file = file, pdf = TRUE, clean = clean, quiet = quiet, :
     Running 'texi2dvi' on 'party.tex' failed.
    LaTeX errors:
    ! Undefined control sequence.
    l.18 !8<e7>hV*<95>p]<ad>V?<ff><fc><f3><f9><f9><f9>R<a9><84>^^A<a5>^^X<ed>v<fb><f2><e5><cb>B^^H!D<b9>\<fe>
     <f2><cb>/?<f9><e4><93>J<a5>r<e3><c6>
    The control sequence at the end of the top line
    of your error message was never \def'ed. If you have
    ! LaTeX Error: Missing \begin{document}.
    
    See the LaTeX manual or LaTeX Companion for explanation.
    Type H <return> for immediate help.
     ...
    ! Extra }, or forgotten \endgroup.
    l.19 ...^Uc,^^H^^B<c3>0<a0><<e7><e6><e6>*<95><ca><f8><f8><f8>G^^_}<d4>^^Oϧ|<ef><8d>}<f6><d9>g}
     6<c5><fb>^^SB<f8><be><df>n<b7><a1>֛<cd>f*<95><8a><e3>xcc<a3><db>...
    I've deleted a group-closing symbol because it seems to be
    spurious, as in `$x}$'. But perhaps the } is legitimate and
    ! Missing $ inserted.
    <inserted text>
    
    Calls: buildVignettes -> texi2pdf -> texi2dvi
    Execution halted
Flavor: r-release-osx-x86_64-mavericks